+ 2066 - 3*h + 2*h - 2082. Let q be 1*-3*40/6. Let g be w(q). Calculate a(g).
-2
Let u(l) = 14*l + 107. Let m(n) = n - 40. Let f(x) = -6*m(x) - u(x). Determine f(6).
13
Let i(r) be the second derivative of 3*r**5/20 + r**4/12 - r**3/3 + r**2/2 + 76*r. Suppose -2*t - 8 = -2*m, -t + 7*m - 12*m + 26 = 0. What is i(t)?
3
Let t(j) = -j**3 + j**2 + j + 1. Suppose 0 = 4*i + 4*o - 448, -4*i + 0*i = 2*o - 446. Let m = -109 + i. Suppose m*w = 6*w + w. Give t(w).
1
Let g(v) = 3*v**3 + 2*v**2 - 3*v. Let s = -5608 - -5609. Give g(s).
2
Suppose -2*r - w + 86 = 0, -5*r + 264 = 2*w + 47. Suppose 26*i - 41*i = -r. Let d(c) be the first derivative of 2*c**2 - 2*c - 1. Determine d(i).
10
Let z(j) be the first derivative of -j**2/2 + 3*j - 2081. What is z(7)?
-4
Let h(k) = 3*k**3 - 5*k**2 - 18*k + 21. Let i(o) = -13*o**3 + 19*o**2 + 71*o - 84. Let r(z) = -9*h(z) - 2*i(z). What is r(9)?
-3
Let b be 84/14 - 182/(-1). Let x = 180 - b. Let m(n) = n**3 + n**2 - n + 1. Let l(w) = 2*w**3 - 6*w**2 - 10*w + 2. Let c(v) = -l(v) + 3*m(v). Give c(x).
9
Let c = 89/151 + -205/604. Let x(h) be the first derivative of -c*h**4 + 0*h + 11 + h**2 + 0*h**3. Calculate x(2).
-4
Let b = -176 - -178. Let x(d) = -5*d - d**b + 3 - 10*d + 13*d - 4*d. Give x(-6).
3
Suppose 5*v - 188 - 62 = 0. Let x be (604/(-10))/2 - 40/v. Let b = x - -21. Let h(g) = g + 5. Give h(b).
-5
Let l(d) = 4*d**3 - 2*d - 1. Let g(s) = 10*s - 17. Let h be g(-11). Let u = -21 + -107. Let q = u - h. Give l(q).
-3
Suppose l - 15 = 4*f, 0 = 3*l - 4*f - 0*f - 37. Suppose -5*h + 5*u + 50 = 0, -12*h + 7*h = u - 38. Let x(j) = -6*j - h + 5*j + l + 11*j. What is x(-3)?
-27
Let i(v) be the second derivative of -3*v + 1/6*v**3 - 7 - 7/60*v**5 - 18*v**2 + 0*v**4. Let p(u) be the first derivative of i(u). What is p(-1)?
-6
Let n(o) be the second derivative of 1 - 3*o**2 - 1/12*o**4 + 5/6*o**3 + 60*o. What is n(3)?
0
Let l(x) = -3*x - 18. Let b(o) = -4*o - 20. Let d(u) = u**3 - 9*u**2 - 23*u + 6. Let h be d(11). Let k(n) = h*b(n) + 6*l(n). What is k(7)?
6
Let b(g) = 2*g**2 - 5*g - 10. Let s = -6689 + 6684. Determine b(s).
65
Let z(h) = -h**3 + 1 + 3*h + 944*h**2 - 470*h**2 - 475*h**2. Let n(m) = m**3 - 7*m**2 + 5*m + 4. Let x be (8/(-6))/((-12)/54). Let i be n(x). Give z(i).
-1
Let f be (-4)/(-16) - 4/((-16)/15). Let h(y) = 2*y + 12*y - y**3 - 4*y**2 + f - 13*y + 0*y**3. Determine h(-4).
0
Let u = -192 + 186. Let s(a) = -4*a**3 - 10*a**2 - 2*a + 3. Let n(q) = 5*q**3 + 12*q**2 + 2*q - 4. Let p(v) = u*n(v) - 7*s(v). Calculate p(-2).
7
Let n(f) = 12 + 7*f - f**2 - 3*f**2 + 5*f**2. Let d(q) = -7*q**2 - 890*q - 135. Let b be d(-127). Calculate n(b).
20
Let h(o) = -842*o + 1. Let i(b) = -89*b. Let r(q) = 2*h(q) - 19*i(q). Determine r(2).
16
Let s = -3 + -2. Let n be 2/2 + (-5 - s). Let a(t) = -11532 + 0*t + 3*t + 11531 + t. Determine a(n).
3
Let w(n) = 12*n**2 + 2*n + 3. Let u(g) = -10*g**2 + 228*g - 178. Let v be u(22). Give w(v).
47
Suppose 4*g = -5*i + 50, 14 = -i - 2*g + 18. Let r(m) = -2*m + 17. Calculate r(i).
-11
Let w(v) = -v. Let i be (-6)/4*(-2)/3. Let m(c) = 3. Suppose -21 = 54*f - 47*f. Let t(l) = f*w(l) + i*m(l). Determine t(-3).
-6
Let s(g) = -2040 - 2060 - g + 6133 - 2059. Give s(-24).
-2
Suppose -65*f - 15*f + 22*f + 58 = 0. Suppose 0 = i - v - 1, 0 = -4*v + 1 + 7. Let x(n) = 156*n**3 + 8*n**2 - 5 - f - 157*n**i + 18*n - 7*n. What is x(9)?
12
Let v(d) = 27*d**2 - 8*d - 8. Let m = -23786 - -23785. Calculate v(m).
27
Let l be ((-495)/(-10))/(-11)*(-8)/6. Suppose 0 = l*d - 2 + 14. Let f(t) be the first derivative of -13*t**2/2 - t + 34. Calculate f(d).
25
Let j(d) = 410*d**3 - 106*d**2 - 9*d + 42. Let g(o) = -91*o**3 + 23*o**2 + 2*o - 9. Let x(i) = 23*g(i) + 5*j(i). Determine x(-1).
44
Let b = 18 - 15. Let w(x) = -4*x**b - 45*x**2 + 4*x - 3 + 42*x**2 - 2*x + 7*x**3. Suppose -16 = 29*q - 37*q. Calculate w(q).
13
Let d(g) = -g + 7. Let c(f) = 2*f**2 - f - 1. Let j = 0 + 2. Let h be c(j). Suppose -2*m + 20 = h*n, -5*m + 5 = -5*n - 10. Calculate d(m).
2
Let v(w) be the third derivative of -w**5/60 + w**3/2 - 3*w**2 - 16. Suppose 0 = -12*s + 320 - 368. Determine v(s).
-13
Let d(m) = -6*m - 8*m + 10*m + 1 + m**2. Let s be d(4). Suppose a - b + s + 2 = 0, 4 = -4*b. Let y(n) = -3*n - 6. Give y(a).
6
Suppose 4*b + 68 = 88. Let z(q) = -1191 - 8*q + 593 + 7*q**2 - q**3 + 601. Give z(b).
13
Suppose -3*s + 33 = -0*s. Suppose -x - 14 = -s. Let r(m) = 6*m**2 + 3 + 3*m - 3*m - 7*m**2. Give r(x).
-6
Let x(a) = 7 - 1187089*a**3 + 7*a**2 + 593543*a**3 + 593547*a**3 + 9*a. Let y be (-6)/(-21) + (-88)/14. Calculate x(y).
-11
Let f be 3 + (-120)/(-6) + 0. Suppose -f*r = 204 - 66. Let m(c) = -4*c - 7. Determine m(r).
17
Let u(c) = 10*c**2 - 16*c - 3. Let n be u(2). Let p(b) = -1 - 14*b**2 + n*b**2 + 3*b + 14*b**3 - 5*b + 9*b**2. Give p(-1).
-13
Let h(v) = 5*v + 1. Let z = 205 - -11. Let b = 213 - z. Calculate h(b).
-14
Let i(x) = -x**2 + 9*x + 135. Let g be i(-8). Let s(n) = -56*n**3 - n**2 - 1. Give s(g).
54
Let x(c) be the third derivative of -c**7/2520 - c**6/90 + c**5/30 + c**4/24 + c**3/2 + 17*c**2. Let w(a) be the second derivative of x(a). Determine w(-6).
16
Let y be (-114)/15 + 54/90. Let p(u) = -u**3 - 8*u**2 - 10*u - 14. Give p(y).
7
Let i(r) = 4*r**3 - r**2 + r. Suppose 295 = 7*u - 1385. Suppose 0 = 5*w + 7*w + u. Let v = w + 21. Calculate i(v).
4
Let f(y) = -132*y**3 + 7 - y + 76*y**3 - 8 + 5*y**2 - 5*y**2. Determine f(-1).
56
Let n(d) be the first derivative of -d**3/3 + d**2 + d - 493. Give n(6).
-23
Let x(i) = -i**3 - 6*i**2 - 5*i + 1. Let j be (-6)/4 + (21/6 - 2). Let w be (-1 - (j + 0)) + 6. Suppose -w*h = -72 + 97. Give x(h).
1
Let v = 639 + -504. Suppose -48 = -141*m + v*m. Let q(y) = y**3 - 8*y**2 + 3. Calculate q(m).
3
Let b(g) = g**3 - 2*g**2 - 64*g + 7. Let y be b(9). Let v(f) = f**3 - f**2 - 7*f - 11. Calculate v(y).
-9
Let n(l) = 3*l**3 - l**2 + l + 2. Let d = -627 - -628. Let x(q) = 19*q**3 - 4*q**2 + 3*q + 10. Let p(u) = d*x(u) - 6*n(u). Calculate p(-3).
-2
Let i(s) = 20251*s - 20267*s + 43*s**2 - 42*s**2 + 71. Give i(11).
16
Let o(v) = 263*v + 5531. Let b be o(-21). Let w(s) = 7*s - 59. Give w(b).
-3
Let w(m) = -18*m**2 + m + 1. Let k(x) = x**2 + 23*x + 59. Let f(j) = -j**2 + 14*j - 60. Let o be f(4). Let p be k(o). Determine w(p).
-18
Suppose 4*f + 5*o - 1165 = 0, 3*f - o = -3*o + 872. Let m = -300 + f. Let b(y) = -y**2 - 11*y - 1. What is b(m)?
9
Suppose 69*w + 14 = 83*w. Suppose 7*b - 2*d = 8*b - 5, -4*d = 5*b - w. Let v(m) = 2*m - 9. What is v(b)?
-15
Let g = -4125 - -4139. Let h(x) = -x**2 + 19*x + 10. What is h(g)?
80
Let m(w) be the second derivative of 1 + 19/6*w**3 - 4*w - 19/12*w**4 - 19/2*w**2 + 1/20*w**5. Calculate m(18).
-1
Let p(f) be the second derivative of 5*f**3/6 - 19*f**2/2 - 255*f. Let d(m) = 4*m - 12. Let y(w) = -4*d(w) + 3*p(w). What is y(-9)?
0
Let y be ((-20)/(-15))/(-4) - 14/(-6). Let d(k) = 64*k**2 + 5*k**3 - k - 25*k**2 - 32*k**y - 2 - 4*k**3. What is d(-7)?
5
Let q(o) = o - 3. Let g be q(5). Let k(f) = -66*f - 2. Let l(p) = 158*p + 6. Let r(i) = -5*k(i) - 2*l(i). What is r(g)?
26
Let t be (-4)/6 + 4*85/60. Suppose t*d = -2*c - 37, -9*d = -3*c - 5*d + 2. Let k(j) = j**2 + 6*j + 6. What is k(c)?
6
Let p(k) = 1 + 29679*k**2 + 4 - 10*k + 27*k + 2 - 29680*k**2. Determine p(21).
-77
Let s be ((-81)/18*-2)/9*7. Let d(a) = -11*a - 33. Give d(s).
-110
Let p(z) = -2*z**2 + 6*z - 1. Let g be (-4)/(3*1/(-24)). Suppose -3*f = -a - 7*f + 27, 0 = -4*a + 3*f + g. Suppose -4*c - a = -27. Determine p(c).
-9
Let v(q) = -9*q - 5. Let b(y) = -7*y - 4. Let u(i) = -4*b(i) + 3*v(i). Let l(k) = k**3 - 6*k**2 + 9. Let c(a) = l(a) - u(a). What is c(6)?
2
Let i(b) = -4*b**2 - 1. Let f = -70 - -78. Suppose 5*z = f - 13. Calculate i(z).
-5
Let i(n) = -10*n**2 + 14*n + 12. Suppose 15*y + 3*y - 7 = 25*y. Calculate i(y).
-12
Let g(n) = -4*n**2 + n. Let a(x) = -11*x**2 + x - 4. Let m be a(4). Let l = m + 174. Give g(l).
-18
Let k(m) = -m - 1. Let u be 336/(-70) + (-4)/(-5). Let q be (-2)/2*13*u/4. Let o = q - 10. What is k(o)?
-4
Let z be 8*(-12)/(-30)*45/48. Let q(s) be the third derivative of s**4/24 + s**3/6 - 14*s**2. What is q(z)?
4
Let a(m) = -m**2 - 3*m + 5. Suppose -31*n - u = -36*n - 36, 0 = -5*n + 3*u - 28. What is a(n)?
-35
Let c(j) = 8*j + 150828 + j**2 - 150833 - j**3 + 5*j**2. Let d(y) = 154*y**3 - 2*y*